by 33?
22
Calculate the remainder when 9723 is divided by 1940.
23
What is the remainder when 34596 is divided by 307?
212
Calculate the remainder when 63550 is divided by 8.
6
Calculate the remainder when 4730 is divided by 1387.
569
What is the remainder when 64737 is divided by 26?
23
What is the remainder when 300268 is divided by 643?
630
What is the remainder when 24952 is divided by 36?
4
What is the remainder when 131999 is divided by 26?
23
What is the remainder when 128874 is divided by 32216?
10
Calculate the remainder when 14921 is divided by 51.
29
What is the remainder when 201313 is divided by 635?
18
Calculate the remainder when 2838 is divided by 99.
66
Calculate the remainder when 131 is divided by 116.
15
Calculate the remainder when 18372 is divided by 6079.
135
Calculate the remainder when 3359 is divided by 135.
119
What is the remainder when 2438 is divided by 1216?
6
Calculate the remainder when 773059 is divided by 166.
163
Calculate the remainder when 16512 is divided by 58.
40
What is the remainder when 6129 is divided by 180?
9
Calculate the remainder when 25176 is divided by 7.
4
What is the remainder when 134747 is divided by 26948?
7
Calculate the remainder when 3835 is divided by 79.
43
What is the remainder when 81340 is divided by 13?
12
Calculate the remainder when 2446 is divided by 128.
14
Calculate the remainder when 3074 is divided by 18.
14
Calculate the remainder when 939 is divided by 933.
6
What is the remainder when 325974 is divided by 108655?
9
What is the remainder when 7461 is divided by 2477?
30
What is the remainder when 1735 is divided by 2?
1
What is the remainder when 13929 is divided by 535?
19
Calculate the remainder when 894 is divided by 29.
24
Calculate the remainder when 2879 is divided by 849.
332
Calculate the remainder when 18046 is divided by 122.
112
Calculate the remainder when 3097 is divided by 996.
109
What is the remainder when 18204 is divided by 791?
11
Calculate the remainder when 50794 is divided by 306.
304
Calculate the remainder when 52589 is divided by 1142.
57
Calculate the remainder when 36380 is divided by 18126.
128
Calculate the remainder when 131144 is divided by 25.
19
Calculate the remainder when 55659 is divided by 51.
18
Calculate the remainder when 4746 is divided by 429.
27
What is the remainder when 36601 is divided by 45?
16
What is the remainder when 5759 is divided by 274?
5
Calculate the remainder when 96046 is divided by 59.
53
What is the remainder when 19336 is divided by 19336?
0
Calculate the remainder when 3180 is divided by 2265.
915
What is the remainder when 110727 is divided by 38?
33
Calculate the remainder when 8014 is divided by 78.
58
Calculate the remainder when 194 is divided by 113.
81
Calculate the remainder when 3156 is divided by 1038.
42
What is the remainder when 122420 is divided by 20?
0
What is the remainder when 1022 is divided by 151?
116
Calculate the remainder when 8856 is divided by 86.
84
What is the remainder when 31617 is divided by 20?
17
Calculate the remainder when 111529 is divided by 244.
21
Calculate the remainder when 152491 is divided by 8.
3
Calculate the remainder when 1595 is divided by 485.
140
What is the remainder when 2303 is divided by 732?
107
What is the remainder when 274499 is divided by 61?
60
Calculate the remainder when 649259 is divided by 216417.
8
What is the remainder when 135844 is divided by 203?
37
What is the remainder when 929129 is divided by 706?
33
Calculate the remainder when 9568127 is divided by 110.
107
Calculate the remainder when 1943 is divided by 1829.
114
Calculate the remainder when 112359 is divided by 212.
211
Calculate the remainder when 147703 is divided by 169.
166
What is the remainder when 16043 is divided by 281?
26
Calculate the remainder when 24779 is divided by 4.
3
Calculate the remainder when 37162 is divided by 28.
6
What is the remainder when 10719 is divided by 198?
27
What is the remainder when 227486 is divided by 484?
6
Calculate the remainder when 9050 is divided by 269.
173
Calculate the remainder when 42917 is divided by 9.
5
What is the remainder when 8115 is divided by 76?
59
Calculate the remainder when 8006 is divided by 1329.
32
What is the remainder when 741 is divided by 673?
68
What is the remainder when 378 is divided by 163?
52
What is the remainder when 4725 is divided by 198?
171
What is the remainder when 1739 is divided by 550?
89
What is the remainder when 68293 is divided by 8?
5
What is the remainder when 901 is divided by 91?
82
Calculate the remainder when 56302 is divided by 153.
151
Calculate the remainder when 64868 is divided by 10809.
14
Calculate the remainder when 3911 is divided by 332.
259
Calculate the remainder when 1923 is divided by 146.
25
Calculate the remainder when 21510 is divided by 27.
18
Calculate the remainder when 32347 is divided by 661.
619
Calculate the remainder when 6988 is divided by 740.
328
What is the remainder when 34192 is divided by 3108?
4
Calculate the remainder when 753 is divided by 243.
24
What is the remainder when 44091 is divided by 230?
161
What is the remainder when 39232 is divided by 52?
24
What is the remainder when 109382 is divided by 105?
77
Calculate the remainder when 343378 is divided by 30.
28
What is the remainder when 4432604 is divided by 95?
94
What is the remainder when 9649 is divided by 186?
163
What is the remainder when 13667 is divided by 8?
3
Calculate the remainder when 1424 is divided by 228.
56
Calculate the remainder when 537992 is divided by 42.
14
What is the remainder when 4643019 is divided by 11?
7
What is the remainder when 839134 is divided by 415?
4
Calculate the remainder when 1731 is divided by 419.
55
Calculate the remainder when 193393 is divided by 7.
4
What is the remainder when 166837 is divided by 388?
385
Calculate the remainder when 2568 is divided by 11.
5
Calculate the remainder when 7714 is divided by 30.
4
Calculate the remainder when 108688 is divided by 242.
30
Calculate the remainder when 11139 is divided by 1520.
499
What is the remainder when 2855995 is divided by 13?
12
Calculate the remainder when 51084 is divided by 229.
17
What is the remainder when 1986 is divided by 685?
616
What is the remainder when 16177 is divided by 8068?
41
What is the remainder when 218 is divided by 199?
19
Calculate the remainder when 218368 is divided by 87.
85
Calculate the remainder when 4502 is divided by 142.
100
What is the remainder when 1488 is divided by 80?
48
What is the remainder when 11285 is divided by 22?
21
Calculate the remainder when 1490 is divided by 56.
34
Calculate the remainder when 1862 is divided by 552.
206
Calculate the remainder when 63967 is divided by 16.
15
What is the remainder when 14591 is divided by 973?
969
What is the remainder when 30440 is divided by 6077?
55
Calculate the remainder when 36295 is divided by 37.
35
Calculate the remainder when 948 is divided by 50.
48
What is the remainder when 917437 is divided by 10?
7
What is the remainder when 1365 is divided by 309?
129
Calculate the remainder when 42619 is divided by 2837.
64
What is the remainder when 12840 is divided by 458?
16
What is the remainder when 201865 is divided by 100899?
67
Calculate the remainder when 30452 is divided by 71.
64
What is the remainder when 259724 is divided by 24?
20
Calculate the remainder when 6792 is divided by 86.
84
Calculate the remainder when 12718 is divided by 318.
316
Calculate the remainder when 89079 is divided by 12700.
179
What is the remainder when 8419 is divided by 8324?
95
Calculate the remainder when 2005 is divided by 9.
7
What is the remainder when 37737 is divided by 165?
117
What is the remainder when 13727 is divided by 135?
92
What is the remainder when 124193 is divided by 5?
3
What is the remainder when 52899 is divided by 50?
49
What is the remainder when 12394 is divided by 40?
34
Calculate the remainder when 1526 is divided by 437.
215
What is the remainder when 245907 is divided by 68?
19
Calculate the remainder when 102925 is divided by 331.
315
What is the remainder when 44633 is divided by 1115?
33
Calculate the remainder when 7613 is divided by 825.
188
Calculate the remainder when 3589 is divide